3 + 6*o**2 - 4*o + 13. Let b be j(-7). Let i be w(b). Let r(g) = g**2 + 6*g + 3. Calculate r(i).
3
Let y(p) = 9*p**2 - 2*p**3 + 31 + 2*p - 30 + 3*p**3 + 0*p**3 - 8*p**2. Calculate y(0).
1
Let k(g) be the first derivative of -g**4/4 + 3*g**2/2 - 4*g + 1. Suppose -63 = 11*q + 10*q. Give k(q).
14
Suppose 2*k = -3*k + h - 94, -h - 50 = 3*k. Let d(v) = v**3 + 19*v**2 + 19*v + 19. Let l be d(k). Let a(q) = -q + 2 - 3*q**2 + 0*q - 1. Give a(l).
-3
Let h(p) = -p**2 + 5 + 8*p - 3 - 3. Let u = 6671 + -6663. Determine h(u).
-1
Let z(q) = -2*q + 10. Let k be 1 + (-2)/(-2) - (288 - 289). What is z(k)?
4
Let k(c) be the first derivative of -c**7/840 + c**6/360 + c**5/120 - c**4/4 + c**3/3 + 27. Let b(w) be the third derivative of k(w). Determine b(0).
-6
Let q(w) = -w**2 - 8*w - 3. Let d be q(-6). Let y(i) = -i + d - i - 4. Let g be 1*-9*196/(-441). Give y(g).
-3
Let l(h) = h**2 - 5*h - 1. Let k(n) = n**2 - 29*n - 33*n + 57*n. Let x(j) = -4*k(j) + 3*l(j). What is x(3)?
3
Let c be 1 + 3/(-3) - -2. Suppose c*n - 2*t = -n - 18, 0 = -5*n + 5*t - 35. Let j(l) = l**2 + 4*l - 1. Calculate j(n).
-1
Let u(f) = -f**3 + 2*f**2 + 3*f + 3. Let d be -1 + (-57)/(-15) - 1/(-5). Let v be u(d). Let n(a) = 2*a - 4. Give n(v).
2
Suppose 0 = -5*r + 2*r + 4*w + 1, -r = -5*w + 18. Let c(b) = -2*b**2 - r*b - b**3 - 6*b**2 - 9 + 8. Give c(-7).
-1
Let s(v) = 2*v - 9. Let l be 1 - (-12)/(-3) - -8. Let h(n) = -n**3 + 10*n**2 - 8*n - 7. Let g be h(9). Let i be (l/(-10))/(g/(-24)). Determine s(i).
3
Let m = 10 + -16. Let w(a) = 23 - 16 + 3*a - 4*a. What is w(m)?
13
Let m(y) = -y + 5. Let w(o) = -o + 2. Let s = 33 - 30. Let b(u) = u**2 + 10*u - 16. Let c be b(-11). Let n(p) = c*w(p) + s*m(p). Calculate n(-6).
-7
Suppose -1396 = -66*t - 406. Let g(x) = -x**3 + 15*x**2 - 3*x + 33. Determine g(t).
-12
Suppose -p = 2*b - 70, -4*p + 2*b - 3*b = -287. Let o be (p/(-54))/((-4)/(-18)). Let n(w) = -w**2 - 4*w + 8. Determine n(o).
-4
Let s(v) = -2*v**2 + v + 9*v**3 + 0*v**2 - 27 + v**2 + 27. What is s(1)?
9
Let c(n) = -2*n + 2*n - 2*n. Let f(r) = 14*r - 10. Let v(d) = 12*c(d) + 2*f(d). Let a(o) = o - 7. Let x(b) = -17*a(b) + 6*v(b). What is x(1)?
6
Let u(l) be the first derivative of -l**5/120 - l**4/24 - 5*l**3/3 - 1. Let p(m) be the third derivative of u(m). Give p(1).
-2
Let u(n) = -n**3 - 7*n**2 - 8*n + 2. Let o be u(-6). Suppose -3*z + 5*b = -14, -5*z + 0*b - o = b. Let s be (19 - 16) + 1*z. Let a(p) = -3*p + 1. Give a(s).
-2
Let s(l) = -7 + l - 17 - 1. Let x be s(20). Let j(g) = g**3 + 5*g**2 + g + 1. Determine j(x).
-4
Let m(j) = -j + 1. Let v(r) = r**2 + 3*r - 12. Let d(h) = -3*m(h) - v(h). Suppose -3*o - 7*k = -3*k, 4*o - 5*k = 0. Calculate d(o).
9
Let g(b) = -b**2 + 9*b - 9. Suppose 3*n - w = -2*n + 9, 2*n = 4*w. Calculate g(n).
5
Suppose 11*r = 15*r - 4. Let q(f) = 20*f + 9. Let s(p) = -60*p - 30. Let z(a) = 10*q(a) + 3*s(a). Determine z(r).
20
Suppose 4*m + 4*s = 24, -30 = -4*m - 3*s - 11. Suppose -3*y = -2*k + 1, -5*k + 9 + 5 = 4*y. Let c(d) = -41 + k*d + 40 + 14*d. What is c(m)?
15
Let w = 6 - 4. Let g(f) = 2*f - 92112 + 92109 - 2*f + f. What is g(w)?
-1
Let g(m) = -m**3 + 6*m**2 - 5. Suppose -19 = y + 4*s - 9*s, 4*y + 8 = 3*s. Suppose 2*j - 11 = y. What is g(j)?
-5
Suppose j - 1 = 6. Suppose 5 = -j*t - 2. Let u(n) = n**2 + 3 + 4*n - n**3 - 2 - 3*n. Determine u(t).
2
Let a(u) = u**2 - 12*u - 15. Let h(w) = -w**2 + 13*w + 23. Let l(j) = 3*a(j) + 2*h(j). Calculate l(9).
-8
Suppose 4 = 4*l + p, -5*l - 3*p + 2 - 4 = 0. Suppose -1 = z + l. Let x(u) = -2*u**2 - 3*u + 1. Calculate x(z).
-8
Let t(m) be the first derivative of -m**2 + 8*m - 2. Suppose 4*f = 50*f - 276. Give t(f).
-4
Let o(q) = 1 - 3*q**3 + 2*q**2 + 2*q - 2*q**2. Calculate o(-1).
2
Suppose -3*w + 0*w + 5*f = 0, w - 10 = 5*f. Let q(v) = 7*v + 4. Let p(a) = a - 5. Let g(t) = 1. Let j(x) = -5*g(x) - p(x). Let s(m) = 6*j(m) + q(m). Give s(w).
-1
Let v(c) = -2*c**3 + c + 1. Let b(i) = -5*i**3 + 7*i**2 - 4*i + 9. Let f(h) = -b(h) + 3*v(h). Calculate f(-8).
2
Let a(n) be the first derivative of -3*n**2/2 - 9*n + 157. Let z be 1 - (5/1 + 2). Determine a(z).
9
Let u = -1001 + 1005. Let b(n) be the second derivative of -1/20*n**5 + 7*n - 1/6*n**3 - 1/12*n**u - 1/2*n**2 + 0. What is b(-2)?
5
Let l(b) = -b**2 + 8*b - 5. Let d be l(7). Suppose -d*q = -6*q + 24. Let m(h) = -q*h + 4 + 3*h + 6*h. Calculate m(-6).
-14
Let n(w) = 14*w**2 - 20*w + 2. Let u(y) = 5*y**2 - 7*y + 1. Let x(t) = 4*n(t) - 11*u(t). Suppose 2*i - 11 = -1. Suppose -29 = -c + i*p, 0*p + p = -5. Give x(c).
1
Let u(c) = -3*c - 8*c**2 + 9*c**2 + 4*c**2 - 6*c**2 + 3. Give u(-5).
-7
Let w(n) = n**2 - 4*n - 3. Suppose 3*t + 6 = 0, -q + 4*t + 6 = 2*t. Suppose p + 4*p - 4 = -q*r, 5*r = -3*p - 9. Let s(x) = -x + 2. Let c be s(r). Give w(c).
2
Let w(z) = -z**2 - 6*z. Let n be w(-6). Let t(i) = -1 - i + n*i - i + 3*i. Suppose 0 = -2*h + 7*h + 30. Determine t(h).
-7
Let k(p) = 7*p**3 - 3*p**2 + 7*p + 7. Let c(h) = -6*h**3 + 2*h**2 - 6*h - 6. Let w(q) = -6*c(q) - 5*k(q). Calculate w(-4).
-19
Let w(t) = 21*t**3 - 7*t**3 + 11*t**2 - 7*t**2 - 4*t**2. Determine w(-1).
-14
Let m(k) be the second derivative of -k**5/120 - k**4/6 + 4*k**3/3 + 8*k. Let h(g) be the second derivative of m(g). What is h(-4)?
0
Let a(i) = 4*i + 16. Suppose 248*s - 242*s = -36. Give a(s).
-8
Let t = 36 + -48. Let r be (-3)/4 + (-21)/t. Let o(p) = -10*p**2. Calculate o(r).
-10
Let g be 1/(4/(-12*1)). Let b(y) = -4*y + 21 - 17 + 9*y. Let f(x) = 11*x + 8. Let v(c) = g*f(c) + 7*b(c). What is v(3)?
10
Let r(g) = -12*g - 16*g - g**3 - 5 + 0*g**2 + 3*g**2 + 30*g. Calculate r(3).
1
Let r be (-1 - (4 - 6))/(-2)*-156. Suppose -r + 113 = 5*m. Let b(g) = 3*g - 5. What is b(m)?
16
Suppose -4*z + 0 = 12. Let i(w) = 3*w + 1. Let p(l) = -1. Let u(o) = z*p(o) + i(o). Calculate u(-5).
-11
Suppose 21*t + 36 = 22*t. Let d = 31 - t. Let l(n) = n**2 + 2*n - 6. Determine l(d).
9
Let w be 1/((-5)/(-10)) - 1. Let x = 10 - w. Let a(i) = i - 3. Calculate a(x).
6
Let y = 958 + -955. Let v(r) = 13*r**2 - 15*r + 3. Let d(g) = 7*g**2 - 8*g + 2. Let q(n) = -11*d(n) + 6*v(n). Determine q(y).
-1
Let t(h) = h**3 - 5*h**2 - 5*h - 7. Suppose 0*r - 177 = -3*r. Suppose 9*d = -5 + r. Give t(d).
-1
Suppose 0 = -4*b - 24*s + 25*s - 16, 5*s - 5 = 5*b. Let w(q) = q**2 + 4*q + 4. Determine w(b).
9
Let c = 5 + -2. Suppose -c*j = -12, 0*k = 5*k - j - 6. Let f(v) = -6*v**2 - v - 4. Let s(u) = -7*u**2 - 2*u - 5. Let d(b) = 5*f(b) - 4*s(b). Give d(k).
-2
Suppose 128*r = 129*r - 4. Let m(j) be the first derivative of 2/3*j**3 + j - 1/2*j**2 + r. Give m(2).
7
Suppose 9*j = 631 + 584. Let k = 132 - j. Let o(h) = h**2 - 3. What is o(k)?
6
Suppose 374 = x - 392. Let k(y) = -y + 766 - x. Determine k(5).
-5
Let z(w) = -10*w**3 - 11*w**2 - 10*w + 16. Let q(k) = -3*k**3 - 4*k**2 - 3*k + 5. Let x be (-10)/(-35)*(-1 + 8). Let t(r) = x*z(r) - 7*q(r). Calculate t(-5).
17
Let f be 6/30*(-21)/(168/(-80)). Let v(y) = -3*y**3 - 5*y**2 - 4*y + 2. Let h(j) = j**3 + j**2 + j. Let b(o) = -4*h(o) - v(o). Calculate b(f).
-6
Let u(d) be the first derivative of -d**4/4 - 2*d**3/3 + 3*d**2/2 + 3*d - 1. Let i = 818 - 821. Give u(i).
3
Let o(y) = -y**2 + 5*y - 1. Let u = 85 + -70. Suppose 3*c + u = 2*i, 3 = -c - 0. Calculate o(i).
5
Let f(w) = w**2 - 16*w - 12. Let p(a) = a**3 - 10*a**2 + 7*a - 181. Let u be p(11). Determine f(u).
5
Let k be (88/24)/11*(0 - -6). Let v be -1 - 1 - (2 - 1). Let i = k - v. Let z(x) = x**3 - 5*x**2 + 4*x - 7. Calculate z(i).
13
Let v(x) = -x - 6. Let t be v(-6). Let o(b) = t - b**2 + 2 - b - 1. Let j = -3 - -4. What is o(j)?
-1
Let n be 2/4 + (-9)/(-6). Let z(w) be the first derivative of -7*w**2/2 + 3*w + 52. Determine z(n).
-11
Let g(b) = -b**3 + 6*b**2 - 2*b - 1. Let k(w) = 0*w**2 + w + 0*w**2 + 19 + 11*w**2 + w**3 + 3*w**2. Let l be k(-14). What is g(l)?
14
Let a(j) = -j**2 + 8*j + 2. Let f(m) = -m**3 - 4*m**2 - 4*m - 36. Let x be f(-5). Let t be a(x). Let n(k) = -2*k - 4. Determine n(t).
10
Let y(p) = p**3 + p + 1. Let x(t) = -10*t**3 + 2*t**2 + 6*t + 5. Let z(b) = x(b) - 6*y(b). Determine z(1).
-15
Suppose -18*k - 2*k - 60 = 0. Let j(o) = -5*o - 1. Give j(k).
14
Suppose 2*v + 11 = -5*t, -4*v - 3*t - 14 = -t. Let n(j) = -11*j**2 + 2*j + 2 + 53*j**2 - 20*j**2 - 21*j**2. Determine n(v).
5
Suppose 0 = 6*u - u - 5. Let r(j) = -11*j - 2 - 2*j + u. Let o = 2